7 composite?
True
Is 9697877 a prime number?
False
Is 93463 prime?
True
Is 30157 composite?
True
Is 493567 composite?
False
Is 20053 prime?
False
Is 25111 a composite number?
False
Is 22915 a composite number?
True
Is 244943 a prime number?
True
Is 144031 composite?
False
Is 3811 a prime number?
False
Is 581531 prime?
False
Is 60531 a composite number?
True
Is 132929 composite?
False
Is 39089 a prime number?
True
Is 292607 composite?
True
Is 170441 prime?
True
Is 19121 prime?
True
Is 1663 a prime number?
True
Is 80701 a prime number?
True
Is 1439 composite?
False
Is 4303 a composite number?
True
Is 499 a prime number?
True
Is 1657 prime?
True
Is 566837 a prime number?
False
Is 11521 composite?
True
Is 45863 a prime number?
True
Is 1478849 a prime number?
False
Is 91883 a prime number?
False
Is 401743 a prime number?
True
Is 784957 prime?
True
Is 179429 composite?
False
Is 410029 a composite number?
False
Is 32995 composite?
True
Is 765955 composite?
True
Is 2321 a prime number?
False
Is 47761 prime?
False
Is 438131 a prime number?
True
Is 34351 composite?
False
Is 257833 a composite number?
True
Is 10477 a prime number?
True
Is 2263 a prime number?
False
Is 26079 a prime number?
False
Is 783889 prime?
False
Is 2899 a composite number?
True
Is 3749 a composite number?
True
Is 67927 prime?
True
Is 161467 a prime number?
False
Is 1241547 a composite number?
True
Is 784831 a composite number?
False
Is 38447 a composite number?
False
Is 106591 a composite number?
False
Is 1022651 a prime number?
False
Is 284099 a prime number?
False
Is 568273 a prime number?
True
Is 108179 prime?
True
Is 3883 prime?
False
Is 87007 prime?
False
Is 17813 a prime number?
False
Is 7753 prime?
True
Is 797 prime?
True
Is 1817 prime?
False
Is 56719 a composite number?
True
Is 6941 prime?
False
Is 457949 prime?
False
Is 58811 composite?
True
Is 805283 composite?
True
Is 32141 composite?
False
Is 55997 composite?
False
Is 1274135 composite?
True
Is 140329 composite?
True
Is 575531 a composite number?
True
Is 868931 a composite number?
True
Is 719 composite?
False
Is 270269 a prime number?
True
Is 1280663 a composite number?
True
Is 8746 composite?
True
Is 21883 prime?
False
Is 54433 a composite number?
True
Is 1182967 a composite number?
False
Is 222854 a prime number?
False
Is 155069 a prime number?
True
Is 14969 a composite number?
False
Is 2471 composite?
True
Is 172001 prime?
True
Is 35671 a prime number?
True
Is 218389 a prime number?
True
Is 29819 a composite number?
False
Is 3334 prime?
False
Is 411647 a prime number?
False
Is 12223 prime?
False
Is 18539 a composite number?
False
Is 81001 composite?
False
Is 765551 composite?
True
Is 348557 a composite number?
True
Is 52163 a composite number?
False
Is 91367 a composite number?
False
Is 157 composite?
False
Is 237565 composite?
True
Is 6449 prime?
True
Is 72019 a prime number?
True
Is 140149 a prime number?
False
Is 69143 a prime number?
True
Is 14173 a prime number?
True
Is 27613 composite?
True
Is 450473 a composite number?
False
Is 2827 a composite number?
True
Is 1511 a prime number?
True
Is 7507 prime?
True
Is 67477 a prime number?
True
Is 96401 composite?
False
Is 195863 a composite number?
False
Is 35951 a composite number?
False
Is 37279 a composite number?
True
Is 15091 composite?
False
Is 36706 prime?
False
Is 59009 prime?
True
Is 24593 composite?
False
Is 29543 a composite number?
True
Is 26309 composite?
False
Is 66757 prime?
False
Is 870319 a prime number?
False
Is 210623 a composite number?
True
Is 1942 composite?
True
Is 6671 composite?
True
Is 979 a prime number?
False
Is 4469 a prime number?
False
Is 26903 a composite number?
False
Is 20729 prime?
False
Is 105817 prime?
True
Is 25931 composite?
False
Is 132409 a prime number?
True
Is 55457 prime?
True
Is 1419323 composite?
True
Is 1567 a composite number?
False
Is 23741 a prime number?
True
Is 40567 a prime number?
False
Is 2305 prime?
False
Is 6563 composite?
False
Is 860519 composite?
True
Is 153689 composite?
False
Is 1172809 a prime number?
False
Is 112411 prime?
False
Is 610585 composite?
True
Is 415013 a prime number?
True
Is 4073 a composite number?
False
Is 121053 prime?
False
Is 38033 composite?
True
Is 21557 a prime number?
True
Is 1159117 prime?
False
Is 2591 prime?
True
Is 7493 a composite number?
True
Is 1159287 prime?
False
Is 2377679 a prime number?
False
Is 2210957 a composite number?
True
Is 93679 composite?
True
Is 1151 a composite number?
False
Is 13681 prime?
True
Is 196093 composite?
True
Is 21433 a prime number?
True
Is 5389 composite?
True
Is 574982 a composite number?
True
Is 7411 prime?
True
Is 38023 a composite number?
True
Is 100865 prime?
False
Is 65531 composite?
True
Is 1411 a prime number?
False
Is 34241 composite?
True
Is 331801 a prime number?
True
Is 67339 prime?
True
Is 388319 composite?
False
Is 22769 a prime number?
True
Is 37159 composite?
False
Is 445903 prime?
False
Is 304963 a prime number?
False
Is 9413 composite?
False
Is 48179 composite?
False
Is 162515 composite?
True
Is 118127 prime?
True
Is 5567 composite?
True
Is 16217 a composite number?
False
Is 35023 a prime number?
True
Is 504763 prime?
False
Is 105815 a prime number?
False
Is 517139 composite?
True
Is 81163 a composite number?
False
Is 2591 a composite number?
False
Is 66809 prime?
True
Is 44245 a composite number?
True
Is 20191 a composite number?
True
Is 15727 a prime number?
True
Is 17729 composite?
False
Is 54251 composite?
False
Is 16129 composite?
True
Is 27329 a composite number?
False
Is 28781 composite?
True
Is 491255 a composite number?
True
Is 2023141 a composite number?
False
Is 78259 composite?
False
Is 744493 prime?
True
Is 16877 a prime number?
False
Is 250742 a composite number?
True
Is 701 a composite number?
False
Is 136649 a prime number?
True
Is 16495 composite?
True
Is 481 a prime number?
False
Is 1061 a prime number?
True
Is 77633 a prime number?
False
Is 538357 a prime number?
True
Is 77113 prime?
False
Is 181633 prime?
False
Is 62533 a composite number?
False
Is 861541 a prime number?
True
Is 667241 prime?
True
Is 13894 a composite number?
True
Is 62323 composite?
False
Is 13613 a composite number?
False
Is 22283 a prime number?
True
Is 2718185 a composite number?
True
Is 767017 a prime number?
True
Is 232007 a composite number?
False
Is 12451 a prime number?
True
Is 2183 a prime number?
False
Is 58253 composite?
True
Is 612311 a prime number?
False
Is 35043 prime?
False
Is 54685 composite?
True
Is 53 composite?
False
Is 523871 a composite number?
True
Is 228149 a composite number?
True
Is 13607 a composite number?
True
Is 5667 a prime number?
False
Is 18519 composite?
True
Is 178439 composite?
False
Is 111253 prime?
True
Is 737 composite?
True
Is 38989 prime?
False
Is 5679899 a prime number?
True
Is 84121 a prime number?
True
Is 464741 a composite number?
False
Is 85691 a composite number?
False
Is 57571 a composite number?
False
Is 665122 a prime number?
False
Is 35797 prime?
True
Is 475721 composite?
False
Is 39671 composite?
False
Is 9569 a prime number?
False
Is 8461 prime?
True
Is 675713 a composite number?
False
Is 50441 a composite number?
False
Is 239 a composite number?
False
Is 41867 a composite number?
True
Is 55985 a prime number?
False
Is 3989 prime?
True
Is 292679 prime?
True
Is 39251 composite?
False
Is 13841 prime?
True
Is 7993 composite?
False
Is 913559 a prime number?
False
Is 347783 a prime number?
False
Is 337481 a composite number?
True
Is 21207 a composite number?
True
Is 774377 a composite number?
False
Is 64571 prime?
False
Is 16309 prime?
False
Is 14367 a composite number?
True
Is 18113 prime?
False
Is 42059 prime?
False
Is 7817 a composite number?
False
Is 3359 composite?
False
Is 12371 a prime number?
False
Is 547687 a prime number?
False
Is 32869 a prime number?
True
Is 1003 a prime number?
False
Is 64151 composite?
False
Is 2827 a composite number?
True
Is 3371 prime?
True
Is 12605 a composite number?
True
Is 23251 a composite number?
False
Is 19241 composite?
True
Is 17059 composite?
True
Is 9445 a prime number?
False
Is 36899 a prime number?
True
Is 10453 composite?
False
Is 25261 a prime number?
True
Is 186278 composite?
True
Is 52157 prime?
False
Is 165349 prime?
True
Is 277653 prime?
F